/(-9))/((-4)/18). Is 97*t/9*v a composite number?
False
Let o(c) = -c - 2. Let q be o(-4). Suppose -q*b - 2 = 0, 0*g = -3*g - b + 194. Is g a prime number?
False
Let n(a) = -36*a - 6. Let x be n(-2). Let m = x - 13. Is m a prime number?
True
Suppose -j - 1 = s, 3*s - 2*j - 3*j = 29. Suppose -5*l - s*m + 149 = 0, -3*l + 89 = 6*m - 4*m. Is l a prime number?
True
Suppose -1714 - 1306 = -2*b + 2*w, -1515 = -b - 4*w. Is b prime?
True
Let p(k) be the second derivative of 1/3*k**3 + 0 + 1/4*k**4 - 4*k + 7/2*k**2. Is p(8) a prime number?
False
Suppose -4*r + 744 = -1436. Let h = r - 89. Suppose 329 = 5*m - h. Is m prime?
True
Is (34 + 3625)*(2 + 0 + -1) composite?
False
Let t = -5 - -2. Let d be t/(-15) - 12/10. Is -2*d/(4/22) a composite number?
False
Suppose 3*r + 5 = 14. Suppose -3*q - 599 = -5*i, -r*i - 4*q + 2*q = -348. Is i a prime number?
False
Suppose -5*i - 2*o = -6*o - 1987, 0 = i + 4*o - 383. Suppose i = 5*k + r, 0 = 3*k - 5*r - 200 - 37. Is k a composite number?
False
Let c = -6 - -8. Suppose -3*b + c*f + 34 = 0, -8 = -4*f - 4. Is ((-8)/b)/(4/(-42)) a prime number?
True
Suppose -5 = -2*x - 1. Suppose 2*h + 4*n + 12 = 0, n + x + 1 = -4*h. Suppose 3*f - 2*b - 201 = 0, -4*f + h*b + 268 = -3*b. Is f a prime number?
True
Suppose -3*x + 367 = -4*d, 3*d - 373 = -3*x + 4*d. Let k = 202 - x. Is k prime?
False
Suppose 0 = 5*o + 3493 + 852. Let y = -610 - o. Is y prime?
False
Suppose 2*r + 5*o + 21 = 0, 11 - 5 = -2*r - 2*o. Suppose 0 = -r*f - 14 + 2. Let t(v) = v**3 + 6*v**2 - 6*v + 1. Is t(f) a composite number?
False
Let d be ((-3)/5 - -1)*30. Let m be ((-9)/d)/((-3)/24). Suppose m*h = 2*h + 52. Is h a composite number?
False
Let w(x) = x**3 + 7*x**2 + 1. Let g be w(-4). Let t be 12/(-5)*(-465)/6. Suppose 5*a - g = t. Is a a composite number?
False
Let h be 4/6 + 8/6. Suppose -23 = -2*c + 61. Suppose -h*f = f - c. Is f prime?
False
Let n(c) = -c + 118. Let j be n(0). Suppose j = -4*y + 6*y. Is y a prime number?
True
Let u = -5 + 128. Is u composite?
True
Let k be (-4 - -6) + (-10)/2. Let u = -4 - -1. Is 1/(u/801*k) prime?
True
Let w(k) = -k - 7. Let s be w(-3). Is (-8916)/(-60) + s/(-10) a composite number?
False
Suppose u - 151 = 522. Is u prime?
True
Let g(n) = -n + 4. Let l be g(3). Is 95 - (l - 0)*2 composite?
True
Suppose 453 - 1917 = -8*l. Is l a composite number?
True
Let v(z) = -5*z**3 + 4*z**2 - 4*z - 5. Let w be v(-4). Suppose -3*s + w = 2*s. Is s a prime number?
True
Let z be ((-5)/2)/((-1)/2). Suppose x = -4*f - 2, z*f = 4*x + 3 + 5. Suppose f = 5*j - 7 - 43. Is j a prime number?
False
Suppose 251 = 4*p - 3*l, -2*p - 3*p = 2*l - 331. Is p a prime number?
False
Let m(b) = b - 1. Let w be m(8). Let i(c) = 4*c - 6. Let r(l) = -1. Let v(x) = i(x) - 3*r(x). Is v(w) prime?
False
Let i = -17 + 10. Let u(c) = -42*c + 1. Is u(i) a prime number?
False
Let c be -68 + (-5)/((-5)/(-3)). Let d = -34 - c. Is d prime?
True
Let x = 17 + 52. Let a be (-84)/4 + (1 - 2). Let g = x + a. Is g prime?
True
Is (103/5)/(5/25) composite?
False
Let y(z) = 8*z**2 + 1. Suppose 0 = 11*a - 6*a + 20. Let x(l) = l + 2. Let w be x(a). Is y(w) a composite number?
True
Let m(u) = -4*u - 5 + 3 - 4*u**2 + 5*u**2. Is m(-3) composite?
False
Let o(m) = -33*m**3 + 2*m + 10. Is o(-3) a composite number?
True
Let h(n) = 17*n - 95. Is h(26) a prime number?
True
Suppose 0 = 5*p - 7 - 8. Suppose 5 = -2*s + 15. Suppose p*u = s*u - 92. Is u a prime number?
False
Let h be (8/(-6))/((-2)/(-6)). Let k be ((-157)/(-2))/(h/(-8)). Is -2*k/(-2)*1 prime?
True
Let x(f) = 4*f**2. Let p be x(1). Suppose -h + p*r = 2*h + 59, 4*h - 4*r = -84. Is (-3)/(-5) - 2160/h a prime number?
False
Let c(o) = o + 6. Let h be c(-8). Let p = h - -2. Suppose p = 3*a - 1 - 20. Is a composite?
False
Let p be 3 + (-7 - -1) + 2. Let g(b) = -15*b - 1. Is g(p) composite?
True
Let o = 13 + -10. Suppose 3*r - 324 = -4*l - r, 2*l + o*r = 160. Is l a prime number?
True
Let d = -1 - 0. Let x = d - 0. Is ((-2)/x)/((-6)/(-111)) a prime number?
True
Let p(j) = -55*j**2 + 2*j. Let f be p(-4). Is (-2)/(-10) - f/60 composite?
True
Suppose -n - v = -632 + 183, -2*n + 2*v + 886 = 0. Is n composite?
True
Suppose 12 = -0*i + 2*i. Suppose 0 = f - 3*h - 0 + i, 4 = 2*h. Let y = f + 7. Is y a prime number?
True
Suppose -2*k + 1085 = 365. Let l = k - 215. Is l a prime number?
False
Suppose -1038 = -2*n - 4*j, -4*j = 3*n + n - 2080. Is n composite?
False
Let t = 687 - -92. Is t a composite number?
True
Is 305 + -3 + 10 + -5 prime?
True
Let b(k) = 2*k + 4. Let a be b(-4). Let m = 24 + -13. Let t = a + m. Is t composite?
False
Let h(k) = -k - 5. Let z be h(-9). Suppose -165 = -5*d + 5*w, -3*d - d = z*w - 148. Is d a composite number?
True
Let n(q) be the first derivative of 277*q**2 - 2*q + 4. Let t be n(3). Suppose 2*l = 6*l - t. Is l prime?
False
Suppose 961 = c + 3*p, -3*p + 340 = 2*c - 1594. Is c a composite number?
True
Suppose 2*w = -5 + 15. Suppose 4*z + 5*l - 96 = 0, -w*z + 105 = 4*l - 6. Is z a composite number?
False
Suppose 3*s = -2*w - 14, 4*w + 5*s = -w - 25. Is (105/14)/(w/(-2)) a prime number?
False
Let z be 2/8 - (-5)/(-20). Suppose 4*u - 688 = -3*h, z = 4*h - 4 - 12. Is u prime?
False
Let a be ((-3)/(-2))/(1/2). Suppose -5*q + 158 = -a*q. Is q composite?
False
Let k be (-1)/3 - (-112)/12. Suppose 0 = -l + 40 + k. Is (l/(-3))/(3/(-9)) a prime number?
False
Suppose -5*x = l - 73, -2*x - 365 = -5*l - 0*l. Suppose -6*h + 4*h + l = r, 137 = 4*h - r. Is h composite?
True
Let k be 112 + -2 + 0/(-2). Is k + 4 + -1 + 0 composite?
False
Suppose 45 = -2*m + 7*m. Suppose 2*f - 3*f - 5*u = -m, -17 = -f - u. Is f prime?
True
Suppose 0 = -8*m + 7*m + 134. Is m prime?
False
Suppose 80 - 10 = 2*s. Suppose -4 = -3*t + s. Is t prime?
True
Let o(m) be the first derivative of -14*m**2 + 2*m + 3. Is o(-2) composite?
True
Let o = -4 - 0. Let v be (-2)/8 - 21/o. Suppose -v*p + 2*d + 191 = 0, -4*d = 4*p - 5*d - 151. Is p a prime number?
True
Let g(q) = 2*q - 4. Let y be g(3). Suppose -y = -3*t + 2*t. Suppose -3*i - 3*m - 6 = 0, -t*i + 2 = 3*i + 2*m. Is i a prime number?
True
Is (51/(-17))/(3/(-47)) prime?
True
Let h(o) = 4*o**2 + 6*o - 5. Is h(-11) a composite number?
True
Let f(b) = b**2 + b + 3. Let y = 2 - 2. Let z be -6*((-1)/2 - y). Is f(z) a composite number?
True
Let o(x) = x**2 - x + 7. Let p = 0 + 6. Let c = p + 1. Is o(c) composite?
True
Suppose 5*z - 35 - 40 = 0. Let t be 12/(-5)*z/(-3). Is t + (-2*1)/(-1) a composite number?
True
Suppose 5*k + 6 = 8*k. Is k/10 - (-752)/40 composite?
False
Suppose 2*n - 4*w = 14, 0 = 5*n - 3*w - 0*w - 21. Suppose 0*u - 342 = -n*p - 3*u, -3*u = p - 108. Let k = 208 - p. Is k a composite number?
True
Let b = 10 + -8. Suppose -b*i - 205 = -m, -3*i - 10 = -4*m + 805. Is m prime?
False
Let o(n) = 5*n - 18. Let s be o(12). Is (9/(-18))/((-1)/s) composite?
True
Suppose -3*n = 6*n - 4311. Is n a composite number?
False
Suppose -h - h - 103 = t, -3*t = 4*h + 311. Let p = 174 + t. Is p a composite number?
True
Let g = 127 - 74. Is g prime?
True
Let h(u) = u - 4. Let l be h(3). Let w be (-1 + 1)/(l + 2). Suppose -2*d + 5*d - 57 = w. Is d composite?
False
Let u = 12 - 4. Suppose 3*k - 4 = u. Suppose -4*z - k*p = -376, -2*z + 361 = 2*z + p. Is z a composite number?
False
Suppose -5*g + 420 = -g. Suppose 4*c + 25 = g. Suppose 4*u = -8 + c. Is u prime?
True
Let t = -2 + 0. Let h be (-58)/(-3)*3 - t. Let q = 119 - h. Is q a composite number?
False
Let s(j) = -19*j + 2. Is s(-3) composite?
False
Suppose 4*m = 3*s - s - 492, 0 = -3*s + m + 758. Is s a prime number?
False
Let r(j) = -149*j - 1. Let x be r(-1). Let f = x + -81. Is f a composite number?
False
Let c(l) = 13*l**2 + 10*l. Is c(7) composite?
True
Let h be (-1 + 4/(-12))*-12. Is ((-4)/h)/(2/(-632)) prime?
True
Suppose -19*h - 25443 = -28*h. Is h a composite number?
True
Let b(l) = 25*l - 6. Let j(c) = -124*c + 31. Let f(h) = -3*h**2 + 5*h - 3. Let t be f(4). Let g(r) = t*b(r) - 6*j(r). Is g(-1) composite?
False
Suppose -3*s - 5*q = 2*s - 3495, 4*s - 2790 = -q. Is s prime?
False
Suppose 140 = 3*b - 2*t, 238 - 95 = 3*b - 5*t. Suppose -2*u - b = -560. Is u a prime number?
True
Suppose -4*s + 86 + 197 = 3*d, 5*s - 4*d - 315 = 0. Is s a composite number?
False
Let k(w) be the second derivative of 5*w**4/6 + 3*w**3/2 + w**2/2 + 7*w. Is k(-6) prime?
True
Let m(q) = 1